 digit of u(w)?
8
Suppose -5*f = -58 - 22. Suppose 3*b + 47 + f = 5*s, s - 5*b = -5. What is the units digit of s?
5
Let p(g) be the second derivative of -g**5/20 - g**4/2 + 4*g. Let d be p(-6). Suppose 2*i + 3*i - 85 = d. What is the tens digit of i?
1
Suppose 0 = -0*i + 4*i - 120. Suppose 0 = 3*z - 3*c - 36, -3 = -4*z + c + i. What is the units digit of z?
7
What is the units digit of (((-18)/(-4))/(-3) + 1)*-6?
3
What is the tens digit of -4 + (-85)/(-20) - 227/(-4)?
5
Suppose 0 = -2*s + 33 - 3. Let c = -9 + s. What is the units digit of c?
6
What is the units digit of (-150)/(-39) - 2/(-13)?
4
Let c be 5 + (-2 + -2 - -3). Suppose 2*n - c*n + 54 = 0. What is the tens digit of n?
2
Let l = 4 - 14. Let r(u) be the first derivative of u**4/4 + 11*u**3/3 + 9*u**2/2 - 9*u + 6. What is the units digit of r(l)?
1
Let j(q) = -3*q**3 - 1 + q**2 + 1. Suppose -3*a - 13 = 2*a - 4*r, 9 = -5*a + 2*r. What is the units digit of j(a)?
4
Let m(j) = -j + 7. Let i be ((-1)/(-2))/((-4)/(-88)). Let k = -21 + i. What is the tens digit of m(k)?
1
Let a = -179 - -42. Let x = a - -232. What is the units digit of (-2)/12 + x/30?
3
Let k = 20 + -10. Let q be ((-4)/k)/((-1)/(-5)). What is the units digit of (3 + -10)*q/2?
7
Suppose 346 = 3*b + w, -b - w = -149 + 33. What is the units digit of b?
5
Let k = -5 - -5. Suppose 0 = -4*t - 2*v + 114, -5*t + t - 5*v + 117 = k. Let l = t - 20. What is the units digit of l?
8
What is the tens digit of 1 + -2 - -290 - -1*2?
9
Suppose 6*b - 3*b - 372 = 0. What is the units digit of b?
4
Let h(s) = -2*s. Let c be h(-1). Suppose -c*z = z. What is the units digit of -2*((-1 - 1) + z)?
4
Let b be 3/((-3)/(-7)) + -2. Let g be (17 - 1)*3/4. Suppose s + b = g. What is the units digit of s?
7
Suppose 0*r + 12 = 4*r. Suppose -r*d + 8*d = 35. Let x = d - 4. What is the units digit of x?
3
Suppose 2 = 2*u + 2*j - 6, 18 = 3*u - 3*j. Suppose 0 = x - u + 1. What is the units digit of x?
4
Let t(a) = -a**3 + 7*a**2 - 6*a + 5. What is the units digit of t(6)?
5
Let u be ((-10)/(-6))/(1/3). Let v be (-2)/((20/(-14))/(-2) + -1). Suppose -v + 72 = u*k. What is the units digit of k?
3
Let y = 1 + 1. Suppose -7*x + 5 = -y*x. Let s = 6 + x. What is the units digit of s?
7
Suppose 5*y - 2*y = -18. What is the units digit of y/(-9)*(4 - 1)?
2
Let i be 97 - 2*12/(-8). Suppose 4*x - 2*o = i, 4*o - 20 = -3*x + 55. What is the tens digit of x?
2
Suppose -5*m - 5 = -15. Suppose 0 = 5*d + 2*f - 18, -6*d + 4*d + 12 = m*f. What is the tens digit of (2/d - -12) + -1?
1
Suppose 4*t = -2 + 34. Let v(h) = 2*h - 4. Let l be v(t). What is the tens digit of (0/1)/3 + l?
1
Let i(m) = m**3 + 7*m**2 - m + 4. Let n be i(-7). Let b = n - 7. Suppose 4*j + 4*w - 60 = 0, -j + 5*w + 43 - b = 0. What is the units digit of j?
9
Suppose -2*n - 221 = 3*b - 0*b, 5*b - 3*n + 343 = 0. What is the units digit of b/(-5) + (-2)/10?
4
Let p(q) = -q**3 + 13*q**2 + 16. What is the units digit of p(13)?
6
Let v = -15 - -60. What is the tens digit of v?
4
Let g(o) = 2*o - 3. Let f be g(5). Let c = f - 7. Suppose c = n + 2*n - 39. What is the tens digit of n?
1
Suppose 0*j - 150 = -5*j. What is the units digit of j?
0
Let r(l) = l**3 - 7*l**2 - 2*l - 10. What is the units digit of r(8)?
8
Let n = -11 - -7. What is the units digit of 6/n*-2 + 5?
8
Let y = 308 + -29. What is the units digit of y?
9
Let g(p) = -p**2 - 4*p - 10. Let h be g(-5). What is the tens digit of (-5)/(h/72) + 2?
2
Suppose -d - 6*p + p = -114, d - 2*p - 86 = 0. What is the units digit of d?
4
Suppose -76 = 2*r + 2*z, 4*r + z + 182 = 3*z. Let g = -26 - r. What is the units digit of g?
7
Let q be ((-6)/4)/((-5)/10). Suppose -3*k + 4*g = -21, -5*g = -0*k + 3*k + 6. Suppose -k*p + q = -6. What is the units digit of p?
3
Let i be (-6)/(-4)*2/(-1). Let l = i - -3. Suppose 0 = -4*g + 3*k - 2*k + 19, l = 3*g - 5*k + 7. What is the units digit of g?
6
Let u be (-31)/5 + 2/10. What is the units digit of 4*(-3)/u - -7?
9
Let z = 11 - 11. Suppose z = -2*d + 7*d - 240. Suppose 0 = l + 2*l - d. What is the units digit of l?
6
Let c(g) = -g**3 + 9*g**2 + 7. What is the tens digit of c(8)?
7
Let k = -104 + 259. What is the units digit of k?
5
Suppose -2*o = -o - 3. Suppose 0 = o*m - y - 6 - 3, 3*m + y = 15. Let j(z) = -z**3 + 4*z**2 + 2*z - 6. What is the units digit of j(m)?
2
Let x = 10 - 0. What is the tens digit of (-158)/(-14) + x/(-35)?
1
Suppose 194 - 372 = -b. What is the hundreds digit of b?
1
Let h = 5 + -5. Suppose -4*v + 2*u + 18 = h, 3*u - 7 = -4*v - 4. Suppose 0 = f - v - 3. What is the units digit of f?
6
What is the hundreds digit of -1 + 147 + 3 + -4 + 3?
1
Let n(l) = 9*l**3 + 4*l - 7. What is the tens digit of n(3)?
4
Suppose -47 - 65 = -4*g. What is the tens digit of g?
2
Let q(x) = -x**3 - x + 10. Suppose -4*a + 16 = -y, y - 4*a = -2*y - 16. What is the units digit of q(y)?
0
Let k = -4 + 10. Let c = k + -7. What is the tens digit of 17 + c + -2 + 1?
1
Let c be (-3 - 0)*(-2)/6. Suppose 4*m + d = 2*d - 16, 4*d = 16. What is the units digit of (-2)/(-4)*(c - m)?
2
Let q(d) = 2*d - 3. Let f(v) = 5*v - 7. Let b(h) = 3*f(h) - 7*q(h). What is the units digit of b(6)?
6
Suppose 0 = -3*a + 2*a + 32. What is the units digit of a?
2
Let x be (-10)/45 + (-2)/(-9). Suppose 2*v - 22 = -x*v. What is the tens digit of v?
1
Suppose -4*y + 60 = 2*t, 2*t + y - 115 = -t. Let q = -18 + t. What is the units digit of q?
2
Let h(d) = -2*d**3 - 7*d**2 - 5*d**2 + 13*d**2. What is the tens digit of h(-2)?
2
Let m(w) = w - 4. Let z be m(7). Suppose -z*n = 2*x - 0*x + 56, 16 = -n - 2*x. Let j = n - -34. What is the tens digit of j?
1
Let m(x) = -6*x + 0*x**2 + x**2 - 3 + 6. Let b be 7/(14/3)*4. What is the units digit of m(b)?
3
Suppose -5*t + 1 = 3*o, o + 1 = -4*t + t. Let w = 9 - o. What is the units digit of w?
7
Suppose 3*k = 7*k. Let j(h) = -h**2 - h + 5. Let x be j(k). Suppose -3*o - 3*b + 84 = o, x*o - 3*b - 78 = 0. What is the tens digit of o?
1
Let k = 42 - 0. What is the units digit of k?
2
Suppose -6*a = -8*a + 4. Suppose -t + 6 = a*t. What is the units digit of 14 - (-1 + 1 + t)?
2
Suppose 0 = k - 4*d, k - 4*d = d. Suppose k = q - 5 + 2. Suppose 3*m = 5*x + 59, 68 = 4*m + q*x + x. What is the tens digit of m?
1
What is the tens digit of (-5)/(2 - -3)*-40?
4
Suppose 4*i = -5*l - 7, 3*l - 3*i - 3 = 9. What is the tens digit of (l - 2)*(-2 + -11)?
1
Let c be 2/1*-1 + 5. Suppose c*h = -r + 6, 3*r - 4*h = -25 + 4. Let a = 4 + r. What is the units digit of a?
1
Let z(l) = 9*l**2 + l. Let s be z(1). Suppose -4*p + 2*p = s. What is the tens digit of -1 + 5/(p/(-12))?
1
Suppose -w = -3*g + 8, -18 = 2*w - 2*g - 6. Let b be (w - -2)/(3/4). What is the units digit of (-7)/(-4) + b/(-16)?
2
Let a(n) = 2*n - 2. Let g be a(3). Suppose -55 = -g*w - w. What is the tens digit of w?
1
Let c(t) = t**2 + 7*t - 3. Let q be c(-9). Let x = q + -13. What is the units digit of x?
2
Suppose 2*k - 2*a = a + 190, 0 = 3*a - 12. What is the tens digit of k?
0
Suppose 4*k - 6 = 2*k. What is the units digit of k?
3
Let u be -1*(-3 + -4) - 4. Suppose 0 = u*f + 2*f - 125. What is the tens digit of f?
2
Let h be 8/(0 + (-33)/(-9) - 3). Suppose 13 = 5*x + 3. Let s = h + x. What is the units digit of s?
4
Let m be (1 + -2)/(3/24). What is the tens digit of ((-11)/(-2))/(m/(-16))?
1
Let s be (-5)/(-2 + 3)*-1. Suppose -2 - 3 = -s*n. Let j = n - 0. What is the units digit of j?
1
Let p(d) = 2*d**3 + d - 1. Let i be p(1). Let t = i + -1. Suppose -t = -4*s - 2*g + 7, 3*s - 6 = 3*g. What is the units digit of s?
2
Suppose 0 = -2*f - i + 2*i - 16, -5*f + 3*i - 42 = 0. Suppose 0 = -5*l - 23 + 28. What is the units digit of 3/l - (0 + f)?
9
What is the units digit of 4 + (-10)/((-15)/(-3))?
2
Let x = -18 + 0. Let i be 6*4*(-3)/x. Suppose 2*o + 10 = 0, -o = i*g - 2*g - 5. What is the units digit of g?
5
Let r(k) = -k**2 + 8*k - 6. Suppose 3*j = -w + 7*j + 13, -4*w + 2*j + 24 = 0. What is the units digit of r(w)?
9
Let c(h) = h**2 - 3*h - 2. Let u be c(4). Suppose -5*p - u = -5*r + 53, 4 = -r + 4*p. What is the units digit of (-10)/(-4)*r/10?
4
Suppose -5*a + 9 = -6. Suppose -5*t + 67 = -2*u, 0 = t + 4*u - 34 + a. What is the tens digit of t?
1
Suppose -4 = 4*p + 4, -p = 2*z - 66. What is the units digit of z?
4
Suppose 5*w + 30 = 125. Suppose 11 + w = 2*h. What is the units di